{"id":143,"date":"2014-08-14T09:32:22","date_gmt":"2014-08-14T09:32:22","guid":{"rendered":"http:\/\/sleepless-sheep.com\/wordpress?page_id=143"},"modified":"2026-03-25T12:28:54","modified_gmt":"2026-03-25T11:28:54","slug":"words-i-like","status":"publish","type":"page","link":"https:\/\/sleepless-sheep.com\/?page_id=143","title":{"rendered":"W\u00dcRDEZENTRIERTE THERAPIE"},"content":{"rendered":"<p><strong>W\u00dcRDEZENTRIERTE THERAPIE<br \/>\n<\/strong>Als zertifizierte Anwenderin der W\u00fcrdezentrierten Therapie besuche ich Menschen in ihrer letzten Lebensphase \u2013 um gemeinsam mit ihnen ein geistiges Verm\u00e4chtnis zu schaffen: einen pers\u00f6nlichen Brief, den sie ihren An- und Zugeh\u00f6rigen hinterlassen k\u00f6nnen.<\/p>\n<p class=\"font-claude-response-body break-words whitespace-normal leading-[1.7]\">Diese Arbeit leiste ich in enger Zusammenarbeit mit dem Hospiz im Werdenberg (seit 2021), der Hospizbewegung Liechtenstein (seit 2024) und dem Hospiz St. Gallen (seit 2025) \u2013 ausschliesslich nach Absprache mit den behandelnden \u00c4rztinnen und \u00c4rzten sowie dem pflegenden Fachpersonal.<\/p>\n<p><strong>Was ist w\u00fcrdezentrierte Therapie?<br \/>\n<\/strong>Die W\u00fcrdezentrierte Therapie wurde vom kanadischen Professor Harvey Max Chochinov entwickelt. In einem einf\u00fchlsamen Gespr\u00e4ch \u2013 geleitet von halbstrukturierten Fragen \u2013 entsteht ein pers\u00f6nliches Dokument, das Lebensweisheit, Erinnerungen und das festh\u00e4lt, was dem Menschen wichtig ist. Es kann Angeh\u00f6rigen, Freunden oder Nahestehenden hinterlassen werden \u2013 als Trost, als Erinnerung, als Geschenk.<\/p>\n<p><strong>Warum?<br \/>\n<\/strong>Weil ich davon \u00fcberzeugt bin, dass die Kraft der Worte unsere Herzen ber\u00fchren kann. Worte k\u00f6nnen unsere Seelen inspirieren. Sie k\u00f6nnen unseren Schmerz lindern. Sie k\u00f6nnen uns st\u00e4rken, erfreuen und tr\u00f6sten. Und sie d\u00fcrfen uns immer wieder daran erinnern: Der wichtigste Moment ist jetzt.<\/p>\n<p class=\"font-claude-response-body break-words whitespace-normal leading-[1.7]\">Jetzt.<\/p>\n<p><b>SELBSTBESTIMMT VORSORGEN<br \/>\n<\/b>Manche Worte brauchen Zeit. Darum begleite ich Menschen \u2013 Betroffene, An- und Zugeh\u00f6rige \u2013 beim Formulieren pers\u00f6nlicher Texte rund um das Lebensende. Vorausschauend, ohne Zeitdruck, mit Feingef\u00fchl und Haltung.<\/p>\n<p class=\"font-claude-response-body break-words whitespace-normal leading-[1.7]\"><strong>Worte f\u00fcr den eigenen Abschied:<\/strong> Abdankungsrede, Gedenktext, ein letzter Gruss \u2013 wer selbst bestimmen m\u00f6chte, was eines Tages \u00fcber ihn oder sie gesagt wird, kann dies gemeinsam mit mir vorbereiten.<\/p>\n<p class=\"font-claude-response-body break-words whitespace-normal leading-[1.7]\"><em>Interesse oder Fragen?<br \/>\nIch freue mich \u00fcber Ihre Nachricht: <a class=\"underline underline underline-offset-2 decoration-1 decoration-current\/40 hover:decoration-current focus:decoration-current\" href=\"mailto:buechel@sleepless-sheep.com\">buechel@sleepless-sheep.com<\/a><\/em><\/p>\n<p>&nbsp;<\/p>\n<div><\/div>\n","protected":false},"excerpt":{"rendered":"<p>W\u00dcRDEZENTRIERTE THERAPIE Als zertifizierte Anwenderin der W\u00fcrdezentrierten Therapie besuche ich Menschen in ihrer letzten Lebensphase&#8230;<\/p>\n<div class=\"more-link-wrapper\"><a class=\"more-link\" href=\"https:\/\/sleepless-sheep.com\/?page_id=143\">Beitrag lesen<span class=\"screen-reader-text\">W\u00dcRDEZENTRIERTE THERAPIE<\/span><\/a><\/div>\n","protected":false},"author":1,"featured_media":0,"parent":0,"menu_order":6,"comment_status":"closed","ping_status":"closed","template":"","meta":{"footnotes":""},"class_list":["post-143","page","type-page","status-publish","hentry","excerpt","zoom","full-without-featured","even","excerpt-0"],"_links":{"self":[{"href":"https:\/\/sleepless-sheep.com\/index.php?rest_route=\/wp\/v2\/pages\/143","targetHints":{"allow":["GET"]}}],"collection":[{"href":"https:\/\/sleepless-sheep.com\/index.php?rest_route=\/wp\/v2\/pages"}],"about":[{"href":"https:\/\/sleepless-sheep.com\/index.php?rest_route=\/wp\/v2\/types\/page"}],"author":[{"embeddable":true,"href":"https:\/\/sleepless-sheep.com\/index.php?rest_route=\/wp\/v2\/users\/1"}],"replies":[{"embeddable":true,"href":"https:\/\/sleepless-sheep.com\/index.php?rest_route=%2Fwp%2Fv2%2Fcomments&post=143"}],"version-history":[{"count":114,"href":"https:\/\/sleepless-sheep.com\/index.php?rest_route=\/wp\/v2\/pages\/143\/revisions"}],"predecessor-version":[{"id":2370,"href":"https:\/\/sleepless-sheep.com\/index.php?rest_route=\/wp\/v2\/pages\/143\/revisions\/2370"}],"wp:attachment":[{"href":"https:\/\/sleepless-sheep.com\/index.php?rest_route=%2Fwp%2Fv2%2Fmedia&parent=143"}],"curies":[{"name":"wp","href":"https:\/\/api.w.org\/{rel}","templated":true}]}}